 is divided by 20253?
712
What is the remainder when 1664923 is divided by 395?
393
What is the remainder when 101295 is divided by 10128?
15
Calculate the remainder when 759063 is divided by 8249.
155
What is the remainder when 17392384 is divided by 386?
382
Calculate the remainder when 5899020 is divided by 842687.
211
Calculate the remainder when 181580765 is divided by 1737.
1733
Calculate the remainder when 7840736 is divided by 3564.
3500
What is the remainder when 181965 is divided by 90743?
479
What is the remainder when 942518 is divided by 11930?
48
Calculate the remainder when 1443756 is divided by 243.
93
Calculate the remainder when 1419299 is divided by 202756.
7
What is the remainder when 1443211 is divided by 721600?
11
Calculate the remainder when 1672333 is divided by 6932.
1721
What is the remainder when 52166 is divided by 50376?
1790
What is the remainder when 2699096 is divided by 350?
246
What is the remainder when 259800731 is divided by 278?
1
Calculate the remainder when 142772 is divided by 992.
916
What is the remainder when 3384140 is divided by 1083?
848
Calculate the remainder when 234933191 is divided by 21.
17
What is the remainder when 7444072 is divided by 6731?
6317
What is the remainder when 15164144 is divided by 391?
382
Calculate the remainder when 1652819677 is divided by 2986.
2985
What is the remainder when 187098223 is divided by 117?
13
What is the remainder when 359834 is divided by 447?
446
Calculate the remainder when 13387 is divided by 78.
49
Calculate the remainder when 31568478 is divided by 189.
186
Calculate the remainder when 3768 is divided by 1354.
1060
What is the remainder when 4335437 is divided by 25653?
80
What is the remainder when 1751624 is divided by 79617?
50
Calculate the remainder when 76118 is divided by 25091.
845
What is the remainder when 180321572 is divided by 179?
15
What is the remainder when 5140643 is divided by 257031?
23
What is the remainder when 162900 is divided by 3770?
790
What is the remainder when 2790267 is divided by 1296?
1275
What is the remainder when 107506389 is divided by 470?
469
Calculate the remainder when 2725460 is divided by 283.
170
What is the remainder when 8406028 is divided by 4203008?
12
Calculate the remainder when 905621 is divided by 161.
157
What is the remainder when 171346 is divided by 84436?
2474
What is the remainder when 167763613 is divided by 152?
149
Calculate the remainder when 1277674 is divided by 609.
601
Calculate the remainder when 3412 is divided by 1191.
1030
What is the remainder when 895832 is divided by 47149?
1
Calculate the remainder when 33752588 is divided by 257.
7
What is the remainder when 675847 is divided by 61406?
381
Calculate the remainder when 119676 is divided by 12155.
10281
Calculate the remainder when 1115741 is divided by 259.
228
What is the remainder when 18879937 is divided by 513?
511
Calculate the remainder when 1393445 is divided by 15502.
13767
Calculate the remainder when 8638172 is divided by 854.
816
Calculate the remainder when 14607998 is divided by 4299.
4295
Calculate the remainder when 20016589 is divided by 1251036.
13
What is the remainder when 4068712 is divided by 452?
260
What is the remainder when 4698801 is divided by 9850?
351
Calculate the remainder when 2179032 is divided by 626.
552
What is the remainder when 818117 is divided by 35570?
7
What is the remainder when 64789 is divided by 141?
70
Calculate the remainder when 547196 is divided by 2146.
2112
What is the remainder when 1653014 is divided by 153?
2
What is the remainder when 2903680 is divided by 677?
27
What is the remainder when 11484965 is divided by 40440?
5
What is the remainder when 23873 is divided by 23645?
228
Calculate the remainder when 321178924 is divided by 38.
36
Calculate the remainder when 2361223 is divided by 2811.
2794
What is the remainder when 4423855 is divided by 9?
4
Calculate the remainder when 5289412 is divided by 99800.
12
What is the remainder when 25989551 is divided by 1528796?
19
Calculate the remainder when 2562791 is divided by 1281391.
9
What is the remainder when 419739 is divided by 20833?
3079
What is the remainder when 399182 is divided by 63?
14
What is the remainder when 107166 is divided by 2507?
1872
Calculate the remainder when 2934088 is divided by 127569.
1
Calculate the remainder when 28281490 is divided by 3495.
3445
Calculate the remainder when 42421 is divided by 209.
203
Calculate the remainder when 717569 is divided by 189.
125
Calculate the remainder when 844859 is divided by 6600.
59
Calculate the remainder when 299818 is divided by 149567.
684
Calculate the remainder when 30063879 is divided by 908.
907
Calculate the remainder when 8188799 is divided by 29886.
35
What is the remainder when 72274 is divided by 365?
4
Calculate the remainder when 17167990 is divided by 3469.
3378
What is the remainder when 9748672 is divided by 5701?
5663
Calculate the remainder when 3540535 is divided by 1663.
8
What is the remainder when 4377429 is divided by 951?
927
What is the remainder when 32457967 is divided by 24796?
3
Calculate the remainder when 28641 is divided by 6314.
3385
Calculate the remainder when 1399402 is divided by 279875.
27
Calculate the remainder when 25179 is divided by 2915.
1859
Calculate the remainder when 1450729 is divided by 2325.
2254
What is the remainder when 20870092 is divided by 2176?
76
Calculate the remainder when 71639 is divided by 429.
425
Calculate the remainder when 47030 is divided by 825.
5
What is the remainder when 1984440 is divided by 1437?
1380
What is the remainder when 15880089 is divided by 128?
25
Calculate the remainder when 866305 is divided by 3815.
300
What is the remainder when 4466351 is divided by 178654?
1
Calculate the remainder when 166302 is divided by 2966.
206
Calculate the remainder when 130131 is divided by 64206.
1719
What is the remainder when 2454058 is divided by 12457?
29
What is the remainder when 61335452 is divided by 106485?
92
What is the remainder when 108043 is divided by 405?
313
What is the remainder when 32042 is divided by 3956?
394
Calculate the remainder when 95394387 is divided by 2947.
2944
Calculate the remainder when 1088831 is divided by 1551.
29
What is the remainder when 31981682 is divided by 3394?
20
Calculate the remainder when 11047673 is divided by 1919.
1909
Calculate the remainder when 12087170 is divided by 11897.
11715
What is the remainder when 8766860 is divided by 2922143?
431
Calculate the remainder when 52737309 is divided by 394.
15
What is the remainder when 49110 is divided by 149?
89
What is the remainder when 301315 is divided by 16722?
319
What is the remainder when 1394831 is divided by 17009?
93
Calculate the remainder when 391464174 is divided by 47.
46
What is the remainder when 1209029 is divided by 162?
23
What is the remainder when 350195 is divided by 2333?
245
Calculate the remainder when 6438411 is divided by 715331.
432
What is the remainder when 41723955 is divided by 2195997?
12
What is the remainder when 2625909 is divided by 138205?
14
Calculate the remainder when 1785524 is divided by 262.
256
What is the remainder when 654006 is divided by 526?
188
What is the remainder when 6084428 is divided by 266?
210
What is the remainder when 67099 is divided by 67?
32
Calculate the remainder when 17623239 is divided by 882.
879
Calculate the remainder when 311387 is divided by 6252.
5039
Calculate the remainder when 137606 is divided by 222.
188
What is the remainder when 357759 is divided by 776?
23
What is the remainder when 1052734 is divided by 1121?
115
What is the remainder when 18338 is divided by 9111?
116
Calculate the remainder when 6518507 is divided by 13.
8
What is the remainder when 3295180 is divided by 410?
10
Calculate the remainder when 155630 is divided by 3246.
3068
Calculate the remainder when 9813071 is divided by 1374.
1337
What is the remainder when 1715971 is divided by 1810?
91
Calculate the remainder when 583715 is divided by 4422.
11
What is the remainder when 19762985 is divided by 65?
60
Calculate the remainder when 1274227 is divided by 809.
52
What is the remainder when 41286524 is divided by 64?
60
What is the remain